-90 = l - 3*l. Let t(j) = -j**2 + 12*j - 21. Let f be t(9). Suppose f*n + 16 = 7*n. Calculate the remainder when l is divided by n.
13
Let r(y) = -y**3 + 5*y**2 + y. Let t be r(3). Let g = t - 3. Suppose -4*s + 120 = -4*u, -2*s + 138 = 2*s + 2*u. Calculate the remainder when s is divided by g.
15
Let g = 218 + -155. Let z = 6 + -2. Calculate the remainder when 0 - (-4)/(z/g) is divided by 22.
19
Suppose -5*b = -w + 22, 5*b + 6 = -w + 3*b. Suppose -w*n - r + 48 = -117, -5*n + r = -416. Calculate the remainder when n is divided by 22.
17
Let q(x) = 15*x - 400. Suppose -2*b + 7*b + 25 = 0, -2*m + 5*b = -37. Calculate the remainder when q(28) is divided by m.
2
Let s(j) = j**2 + 5*j - 4. Let n be s(-6). Suppose -1 = -n*f + 51. What is the remainder when 103 is divided by f?
25
Suppose 3*k = 8*k - 15, 0 = 4*i - 3*k + 101. Let n = i + 71. Calculate the remainder when n is divided by 17.
14
Suppose 220*r = 218*r + 84. What is the remainder when 102 is divided by r?
18
Let p = 160 + -109. What is the remainder when p is divided by 9?
6
Let c = -17 + 21. Suppose 3*d - 3*g + g - 394 = 0, d = -c*g + 136. Calculate the remainder when d is divided by 27.
24
Suppose 0 = 4*g - k - 214, 0 = 3*g - 2*k - k - 165. Calculate the remainder when g is divided by (-4 + 58/4)/(15/20).
11
Let z(h) = 2 - 19*h - h**3 - 7*h**2 - h**2 - 12*h**2. What is the remainder when z(-19) is divided by 2?
0
Let h(x) = 2*x**2 + 21*x + 71. What is the remainder when 88 is divided by h(-4)?
12
Let d(n) = 4*n**2 + 2*n - 7. What is the remainder when 32 is divided by d(-2)?
2
Suppose 10*u - 5*u = 10. Suppose 80 = u*w - 50. What is the remainder when w is divided by 23?
19
Suppose 0*m - 3 = 3*m. Let r(x) = x**3 + 17*x**2 - 6*x - 38. Calculate the remainder when r(-17) is divided by (m - -3) + 18 - -2.
20
Suppose -u - 3*k + 5 = -8*k, 3*u - k = 43. Calculate the remainder when u is divided by 1 + (-84)/91 + 24/26 + 5.
3
Suppose 0 = -3*l + 3 + 15. Suppose l*s - s - 75 = 0. Calculate the remainder when 104 is divided by s.
14
Suppose f + 25 = 2*u, 8*u + 40 = 11*u - 2*f. Let h(y) = y - 4. Let k be h(8). Suppose -8*g = -k*g - 152. Calculate the remainder when g is divided by u.
8
Let h(a) = -12*a**3 - 6*a**2 + 9. Let r be h(6). What is the remainder when 205 is divided by r/(-54) - 2/(-12) - 0?
49
Let k = 55 + -45. Suppose 8*q + 86 = k*q. What is the remainder when q is divided by 9?
7
Let y = -5 - -11. Let p = -109 + 86. What is the remainder when 31 is divided by (p + 29)/(y/8)?
7
Suppose 15*o - 13*o - 546 = 0. What is the remainder when o is divided by 46?
43
Let t(m) = -20*m - 57. Calculate the remainder when t(-9) is divided by 33.
24
Let j = 84 - 56. Let o = -140 - -222. What is the remainder when o is divided by j?
26
Calculate the remainder when (-2)/(((-77)/(-42))/(-11)) is divided by 11.
1
Let t = 22 - 9. Let l be (-12)/(2/((-8)/(-3))). Let i = l + 41. Calculate the remainder when i is divided by t.
12
Suppose 4*m + t = 2245, 5*m - t - 2022 = 773. Calculate the remainder when m is divided by 51.
50
Let j be 2 + 4*3/6. Suppose 0 = -j*y + 2*n + 16, 3*n + n = -16. Suppose y*m + 2 = -4*s, -6*m + s = -2*m - 23. What is the remainder when 12 is divided by m?
2
Suppose 5*g = -n + 54, 3*g - 423 = -5*n - 43. What is the remainder when n is divided by 79?
0
Let n(w) = 2*w**2 + 5*w - 21. What is the remainder when 39 is divided by n(4)?
8
Suppose 13 + 19 = 2*z + 2*i, 5*i = -4*z + 66. Let n = 70 - -50. Suppose -2*p = p - n. What is the remainder when p is divided by z?
12
Let r = 1557 - 1544. Calculate the remainder when r is divided by 4.
1
Suppose 6*c = 3*c + 6. Calculate the remainder when 50 is divided by ((-51)/6)/(c/(-4)).
16
Calculate the remainder when (-18)/12*(-1 - (-271)/(-3)) is divided by 20.
17
Let f be 0*(-3)/(-6) + (-3)/(-1). Suppose 0*n - 33 = -f*n. Let j(z) = -16*z - 2. Calculate the remainder when j(-2) is divided by n.
8
Suppose 5*p - 79 = -v, -2*p = 5*v - 0*v - 50. What is the remainder when 46 is divided by (-144)/(-2)*5/p?
22
Suppose -792 = -4*q - 14*q. What is the remainder when q is divided by 21?
2
Let x(j) = 2*j + 1. Let m = 1077 - 938. What is the remainder when m is divided by x(5)?
7
Let z(a) = a**2 - 3*a - 31. Let p be z(14). Suppose 87 = -3*l + p. What is the remainder when ((-2)/4)/((-2)/84) is divided by l?
9
Let r be -4*(-12)/(-8)*(-28)/12. What is the remainder when 23 is divided by ((-120)/28)/((-4)/r)?
8
Suppose 0 = 3*j - h - 25 - 35, j - 2*h = 20. Suppose -5*b + 5*d = -95, 4*d - j = -3*b + 51. What is the remainder when 78 is divided by b?
15
Calculate the remainder when (904/6)/((-104)/(-78)) is divided by 43.
27
Suppose -3*p + 512 = v - 3, -334 = -2*p + 4*v. Let h = p + -117. Calculate the remainder when h is divided by 14.
12
Suppose 11*x = 230 + 45. Let t(l) = -4*l. What is the remainder when t(-12) is divided by x?
23
Suppose -3*p = -2*u + 6*u + 383, 3*u - 5*p + 309 = 0. Let k = -46 - u. What is the remainder when k is divided by 39?
13
Suppose 0 = -3*q + 8*q. Suppose q = 2*d + 2 - 20. What is the remainder when 42 is divided by d?
6
Suppose 0 = 59*p - 63*p + 20. Suppose -2*g + 26 = 4*c, -p*g + 12 = -3*c - 1. What is the remainder when 32 is divided by g?
2
Let y(p) = 188*p. Let g = 238 - 211. What is the remainder when y(1) is divided by g?
26
Suppose 0 = -3*g + p + 97, -10*g = -6*g - p - 130. Calculate the remainder when 191 is divided by g.
26
Let p = 0 - -126. What is the remainder when p is divided by 34?
24
Let g be 3 + -2 + 1 + 3. Suppose 0 = g*t - 65 - 80. What is the remainder when t is divided by 6?
5
Let i be (-3)/((-429)/(-219) - 2). Suppose 5*r - i = x, 7*x + 15 = 2*x. What is the remainder when r is divided by 8?
6
Let x = -21 - -23. Suppose i - 1 = -3*p, -5*i + x*p - 3*p + 19 = 0. Calculate the remainder when 5 is divided by i.
1
What is the remainder when 250 is divided by (26/4)/((-93)/(-372))?
16
Let b = 28 - -2. Let r be (418/33)/((-4)/6). Let x = r + b. Calculate the remainder when 43 is divided by x.
10
Let k be (-45)/(0 - 5) + -3. Suppose 3*p + 47 = k*p + 4*a, 0 = -3*p - 3*a + 42. What is the remainder when 25 is divided by p?
7
Let a(d) = d**3 + 7*d**2 - 3*d - 6. Let j = 1719 - 1709. Calculate the remainder when a(-5) is divided by j.
9
Let h = 105 - 80. What is the remainder when -4 + (-3 - (2 - 105)) is divided by h?
21
Suppose r - 3*f - 35 = -r, -2*r - 3*f + 53 = 0. Calculate the remainder when 31 is divided by r.
9
Let b be ((-6)/10)/((-1)/5). Suppose k + b*k = 56. Let n = 306 - 282. Calculate the remainder when n is divided by k.
10
Suppose -18*l + 19*l = 17. Suppose -179 = -7*r + l. Calculate the remainder when 82 is divided by r.
26
Let v be -7 + (2 + 0)*1. Let h be (-1)/(v - -2)*-27. Let f(i) = i**3 + 9*i**2 - 2*i + 8. Calculate the remainder when f(h) is divided by 14.
12
What is the remainder when 6 + -3 - -1 - (0 - 1238) is divided by 89?
85
Let d(z) = 6*z**2 - 3*z - 4. Let v be 8/(-4 + 0) + 46. Calculate the remainder when d(3) is divided by ((-5)/(-10)*v)/(-2 - -4).
8
Calculate the remainder when 480 is divided by (-66)/(-110)*(3 - (-1 + -1)).
0
Suppose -8*w + 136 = -0*w. Let g be 3 - (-6)/2*3. Let r = w - g. Calculate the remainder when r is divided by 4.
1
Let s = 15 - 12. What is the remainder when 1/s - 1952/(-12) is divided by 15?
13
What is the remainder when -9 - -6 - -1*393 is divided by 49?
47
Suppose -2*y - 218 = -5*y + 2*d, -223 = -3*y + d. Suppose -3*f + y = f. What is the remainder when f is divided by 10?
9
Let s(f) = -10*f**3 - 14*f**2 + 5*f + 2. Suppose -27 - 9 = -4*n. What is the remainder when s(-2) is divided by n?
7
Let a(i) = i**2 + 3*i - 6. Let s(j) = -16*j**2 - 402*j + 16. Calculate the remainder when s(-25) is divided by a(5).
32
Let r = -1 - -3. Calculate the remainder when (-3)/(1 + (-28)/24) is divided by (-2)/(((-12)/21)/r).
4
Suppose -129*g + 7053 = 861. What is the remainder when 85 is divided by g?
37
What is the remainder when 12/(-6)*(-63)/6 is divided by 6?
3
Let h(t) = t**3 + 4*t**2 - 4*t + 1. Let y be h(2). Suppose -3*u + y = -46. Calculate the remainder when u is divided by 13.
8
Let g be (9/18*2)/((-2)/(-14)). Suppose -4*a = -g*a + 42. Calculate the remainder when a is divided by 7/1 - (2 + 0).
4
Let i be 92*-1 - (-16 + 17). Let h be i/(-24) + 4/32. Suppose h*p + 5*f = 27, p 